{"id":2497,"date":"2023-03-01T23:09:03","date_gmt":"2023-03-01T23:09:03","guid":{"rendered":"https:\/\/ccci-bw.com\/?page_id=2497"},"modified":"2024-10-03T15:05:29","modified_gmt":"2024-10-03T15:05:29","slug":"territoire","status":"publish","type":"page","link":"https:\/\/ccci-bw.com\/index.php\/territoire\/","title":{"rendered":"L&#8217;observatoire"},"content":{"rendered":"\t\t<div data-elementor-type=\"wp-page\" data-elementor-id=\"2497\" class=\"elementor elementor-2497\">\n\t\t\t\t\t\t\t\t\t<section class=\"elementor-section elementor-top-section elementor-element elementor-element-1ea35fb6 elementor-section-stretched elementor-section-full_width elementor-section-height-default elementor-section-height-default\" data-id=\"1ea35fb6\" data-element_type=\"section\" data-settings=\"{&quot;stretch_section&quot;:&quot;section-stretched&quot;,&quot;_ha_eqh_enable&quot;:false}\">\n\t\t\t\t\t\t<div class=\"elementor-container elementor-column-gap-no\">\n\t\t\t\t\t<div class=\"elementor-column elementor-col-100 elementor-top-column elementor-element elementor-element-753f92e6\" data-id=\"753f92e6\" data-element_type=\"column\">\n\t\t\t<div class=\"elementor-widget-wrap elementor-element-populated\">\n\t\t\t\t\t\t\t\t<div class=\"elementor-element elementor-element-45ef5e1b elementor-widget elementor-widget-helpo_content_slider\" data-id=\"45ef5e1b\" data-element_type=\"widget\" data-widget_type=\"helpo_content_slider.default\">\n\t\t\t\t<div class=\"elementor-widget-container\">\n\t\t\t\n        <div class=\"helpo_content_slider_widget\">\n            <div class=\"helpo_content_slider_wrapper helpo_view_type_1\">\n\n                <div class=\"helpo_content_slider helpo_slider_slick\" data-slider-options=\"{&quot;pauseOnHover&quot;:true,&quot;autoplay&quot;:false,&quot;infinite&quot;:true,&quot;speed&quot;:1200,&quot;rtl&quot;:false}\">\n                                            <div class=\"helpo_content_slide elementor-repeater-item-711ffbb\" style=\"background: url('http:\/\/ccci-bw.com\/wp-content\/uploads\/2023\/03\/observation.jpg')\">\n\n\n                                                            <div class=\"container helpo_full_cont\">\n                                    <div class=\"row helpo_full_cont\">\n                                        <div class=\"col-12 helpo_full_cont\">\n                                            \n                                            <div class=\"helpo_content_slide_wrapper\">\n                                                <div class=\"helpo_content_container\">\n                                                                                                            <div class=\"helpo_content_wrapper_1\">\n                                                            <h2 class=\"helpo_content_slider_title\">\n                                                                 Cr\u00e9ons                                                                 <span> des  Hubs \u00c9conomiques<\/span>\n                                                            <\/h2>\n                                                        <\/div>\n                                                                                                                <div class=\"helpo_content_wrapper_2\">\n                                                            <div class=\"helpo_content_slider_promo_text\">La CCCI BW accompagne les territoires africains en mutualisant les ressources et en favorisant l\u2019\u00e9mergence de hubs \u00e9conomiques locaux. \n\n<\/div>\n                                                        <\/div>\n                                                                                                                <div class=\"helpo_content_wrapper_3\">\n                                                            <a class=\"helpo_button helpo_button--primary\" href=\"#collecter_1\" target=\"_blank\">En savoir plus<\/a>\n                                                        <\/div>\n                                                                                                        <\/div>\n                                            <\/div>\n\n                                                                                    <\/div>\n                                    <\/div>\n                                <\/div>\n                                                        <\/div>\n                                        <\/div>\n\n                <!-- Slider Navigation -->\n                \n                                <div class=\"helpo_causes_slider_navigation_container\">\n                                    <div class=\"helpo_slider_counter\"><\/div>\n\n                                    <div class=\"helpo_slider_arrows\">\n                                        <div class=\"helpo_slider_nav_button helpo_prev\">\n                                            <i class=\"fa fa-chevron-left\"><\/i>\n                                        <\/div>\n\n                                        <div class=\"helpo_slider_nav_button helpo_next\">\n                                            <i class=\"fa fa-chevron-right\"><\/i>\n                                        <\/div>\n                                    <\/div>\n                                <\/div>\n\n                                \n                                    <div class=\"helpo_additional_fields_container\">\n                                            <\/div>\n                                <\/div>\n        <\/div>\n        \t\t<\/div>\n\t\t\t\t<\/div>\n\t\t\t\t\t<\/div>\n\t\t<\/div>\n\t\t\t\t\t\t\t<\/div>\n\t\t<\/section>\n\t\t\t\t<section class=\"elementor-section elementor-top-section elementor-element elementor-element-6c0b465e elementor-section-stretched elementor-section-boxed elementor-section-height-default elementor-section-height-default\" data-id=\"6c0b465e\" data-element_type=\"section\" id=\"about\" data-settings=\"{&quot;stretch_section&quot;:&quot;section-stretched&quot;,&quot;background_background&quot;:&quot;classic&quot;,&quot;_ha_eqh_enable&quot;:false}\">\n\t\t\t\t\t\t<div class=\"elementor-container elementor-column-gap-default\">\n\t\t\t\t\t<div class=\"elementor-column elementor-col-50 elementor-top-column elementor-element elementor-element-4bcde959\" data-id=\"4bcde959\" data-element_type=\"column\">\n\t\t\t<div class=\"elementor-widget-wrap elementor-element-populated\">\n\t\t\t\t\t\t\t\t<div class=\"elementor-element elementor-element-0c36403 elementor-widget elementor-widget-menu-anchor\" data-id=\"0c36403\" data-element_type=\"widget\" data-widget_type=\"menu-anchor.default\">\n\t\t\t\t<div class=\"elementor-widget-container\">\n\t\t\t<style>\/*! elementor - v3.12.1 - 02-04-2023 *\/\nbody.elementor-page .elementor-widget-menu-anchor{margin-bottom:0}<\/style>\t\t<div id=\"collecter_1\" class=\"elementor-menu-anchor\"><\/div>\n\t\t\t\t<\/div>\n\t\t\t\t<\/div>\n\t\t\t\t<div class=\"elementor-element elementor-element-62cc614f elementor-widget elementor-widget-helpo_heading\" data-id=\"62cc614f\" data-element_type=\"widget\" data-widget_type=\"helpo_heading.default\">\n\t\t\t\t<div class=\"elementor-widget-container\">\n\t\t\t\n        <div class=\"helpo_heading_widget\">\n                                <div class=\"helpo_up_heading\"><\/div>\n                                    <h2 class=\"helpo_heading\">\n\n                    Renforcer l'Attractivit\u00e9 des Territoires Africains par la Collaboration                         <span><\/span>\n                                        <\/h2>\n                        <\/div>\n        \t\t<\/div>\n\t\t\t\t<\/div>\n\t\t\t\t<div class=\"elementor-element elementor-element-53660da8 elementor-widget elementor-widget-text-editor\" data-id=\"53660da8\" data-element_type=\"widget\" data-widget_type=\"text-editor.default\">\n\t\t\t\t<div class=\"elementor-widget-container\">\n\t\t\t<style>\/*! elementor - v3.12.1 - 02-04-2023 *\/\n.elementor-widget-text-editor.elementor-drop-cap-view-stacked .elementor-drop-cap{background-color:#69727d;color:#fff}.elementor-widget-text-editor.elementor-drop-cap-view-framed .elementor-drop-cap{color:#69727d;border:3px solid;background-color:transparent}.elementor-widget-text-editor:not(.elementor-drop-cap-view-default) .elementor-drop-cap{margin-top:8px}.elementor-widget-text-editor:not(.elementor-drop-cap-view-default) .elementor-drop-cap-letter{width:1em;height:1em}.elementor-widget-text-editor .elementor-drop-cap{float:left;text-align:center;line-height:1;font-size:50px}.elementor-widget-text-editor .elementor-drop-cap-letter{display:inline-block}<\/style>\t\t\t\t<p>En plus de soutenir les op\u00e9rateurs \u00e9conomiques priv\u00e9s, la CCCI BW accompagne \u00e9galement les territoires d\u00e9centralis\u00e9s en Afrique gr\u00e2ce \u00e0 des programmes \u00e9labor\u00e9s avec ses partenaires. L&#8217;objectif est de mettre en \u0153uvre des projets structurants qui valorisent les environnements \u00e9conomiques du continent.<\/p><p>Dans cette optique, la CCCI BW favorise la cr\u00e9ation de hubs territoriaux en mutualisant les ressources et l&#8217;information. Cela permet de renforcer l&#8217;attractivit\u00e9 des territoires tout en diffusant les bonnes pratiques \u00e9conomiques.<\/p><p><strong>Vous \u00eates un territoire d\u00e9centralis\u00e9\u00a0 ? CONNECTEZ VOUS !<\/strong><\/p>\t\t\t\t\t\t<\/div>\n\t\t\t\t<\/div>\n\t\t\t\t<div class=\"elementor-element elementor-element-dd2d1a9 elementor-absolute elementor-widget elementor-widget-helpo_button\" data-id=\"dd2d1a9\" data-element_type=\"widget\" data-settings=\"{&quot;_position&quot;:&quot;absolute&quot;}\" data-widget_type=\"helpo_button.default\">\n\t\t\t\t<div class=\"elementor-widget-container\">\n\t\t\t\n        <div class=\"helpo_button_widget\">\n            <div class=\"helpo_button_container\">\n                <a class=\"helpo_button helpo_button--primary\" href=\"https:\/\/ccci-bw.com\/index.php\/interface-territoire\/\" >CONNECTEZ VOUS <\/a>\n            <\/div>\n        <\/div>\n        \t\t<\/div>\n\t\t\t\t<\/div>\n\t\t\t\t\t<\/div>\n\t\t<\/div>\n\t\t\t\t<div class=\"elementor-column elementor-col-50 elementor-top-column elementor-element elementor-element-543b280\" data-id=\"543b280\" data-element_type=\"column\">\n\t\t\t<div class=\"elementor-widget-wrap elementor-element-populated\">\n\t\t\t\t\t\t\t\t<div class=\"elementor-element elementor-element-12aa363 elementor-widget elementor-widget-text-editor\" data-id=\"12aa363\" data-element_type=\"widget\" data-widget_type=\"text-editor.default\">\n\t\t\t\t<div class=\"elementor-widget-container\">\n\t\t\t\t\t\t\t\t\t\t\t\t\t<\/div>\n\t\t\t\t<\/div>\n\t\t\t\t\t<\/div>\n\t\t<\/div>\n\t\t\t\t\t\t\t<\/div>\n\t\t<\/section>\n\t\t\t\t<section class=\"elementor-section elementor-top-section elementor-element elementor-element-10d3a60 elementor-section-stretched elementor-section-boxed elementor-section-height-default elementor-section-height-default\" data-id=\"10d3a60\" data-element_type=\"section\" data-settings=\"{&quot;stretch_section&quot;:&quot;section-stretched&quot;,&quot;_ha_eqh_enable&quot;:false}\" data-e-bg-lazyload=\".elementor-background-overlay\">\n\t\t\t\t\t\t\t<div class=\"elementor-background-overlay\"><\/div>\n\t\t\t\t\t\t\t<div class=\"elementor-container elementor-column-gap-default\">\n\t\t\t\t\t<div class=\"elementor-column elementor-col-100 elementor-top-column elementor-element elementor-element-9989399\" data-id=\"9989399\" data-element_type=\"column\">\n\t\t\t<div class=\"elementor-widget-wrap elementor-element-populated\">\n\t\t\t\t\t\t\t\t<div class=\"elementor-element elementor-element-9a21240 elementor-absolute elementor-drop-cap-yes elementor-drop-cap-view-default elementor-widget elementor-widget-text-editor\" data-id=\"9a21240\" data-element_type=\"widget\" data-settings=\"{&quot;_position&quot;:&quot;absolute&quot;,&quot;drop_cap&quot;:&quot;yes&quot;}\" data-widget_type=\"text-editor.default\">\n\t\t\t\t<div class=\"elementor-widget-container\">\n\t\t\t\t\t\t\t<p><b>Recevez vos lettres d&#8217;informations \u00e9conomiques\u00a0<\/b><\/p>\t\t\t\t\t\t<\/div>\n\t\t\t\t<\/div>\n\t\t\t\t<div class=\"elementor-element elementor-element-0782db1 elementor-widget elementor-widget-helpo_heading\" data-id=\"0782db1\" data-element_type=\"widget\" data-widget_type=\"helpo_heading.default\">\n\t\t\t\t<div class=\"elementor-widget-container\">\n\t\t\t\n        <div class=\"helpo_heading_widget\">\n                                <div class=\"helpo_up_heading\"><\/div>\n                                    <h2 class=\"helpo_heading\">\n\n                                             <span>Newsletter<\/span>\n                                        <\/h2>\n                        <\/div>\n        \t\t<\/div>\n\t\t\t\t<\/div>\n\t\t\t\t<div class=\"elementor-element elementor-element-51da513 elementor-widget elementor-widget-spacer\" data-id=\"51da513\" data-element_type=\"widget\" data-widget_type=\"spacer.default\">\n\t\t\t\t<div class=\"elementor-widget-container\">\n\t\t\t<style>\/*! elementor - v3.12.1 - 02-04-2023 *\/\n.elementor-column .elementor-spacer-inner{height:var(--spacer-size)}.e-con{--container-widget-width:100%}.e-con-inner>.elementor-widget-spacer,.e-con>.elementor-widget-spacer{width:var(--container-widget-width,var(--spacer-size));--align-self:var(--container-widget-align-self,initial);--flex-shrink:0}.e-con-inner>.elementor-widget-spacer>.elementor-widget-container,.e-con-inner>.elementor-widget-spacer>.elementor-widget-container>.elementor-spacer,.e-con>.elementor-widget-spacer>.elementor-widget-container,.e-con>.elementor-widget-spacer>.elementor-widget-container>.elementor-spacer{height:100%}.e-con-inner>.elementor-widget-spacer>.elementor-widget-container>.elementor-spacer>.elementor-spacer-inner,.e-con>.elementor-widget-spacer>.elementor-widget-container>.elementor-spacer>.elementor-spacer-inner{height:var(--container-widget-height,var(--spacer-size))}<\/style>\t\t<div class=\"elementor-spacer\">\n\t\t\t<div class=\"elementor-spacer-inner\"><\/div>\n\t\t<\/div>\n\t\t\t\t<\/div>\n\t\t\t\t<\/div>\n\t\t\t\t\t<\/div>\n\t\t<\/div>\n\t\t\t\t\t\t\t<\/div>\n\t\t<\/section>\n\t\t\t\t<section class=\"elementor-section elementor-top-section elementor-element elementor-element-6b79e4e elementor-section-boxed elementor-section-height-default elementor-section-height-default\" data-id=\"6b79e4e\" data-element_type=\"section\" data-settings=\"{&quot;_ha_eqh_enable&quot;:false}\">\n\t\t\t\t\t\t<div class=\"elementor-container elementor-column-gap-default\">\n\t\t\t\t\t<div class=\"elementor-column elementor-col-50 elementor-top-column elementor-element elementor-element-37e69b2\" data-id=\"37e69b2\" data-element_type=\"column\">\n\t\t\t<div class=\"elementor-widget-wrap elementor-element-populated\">\n\t\t\t\t\t\t\t\t<div class=\"elementor-element elementor-element-dd1469e elementor-widget elementor-widget-spacer\" data-id=\"dd1469e\" data-element_type=\"widget\" data-widget_type=\"spacer.default\">\n\t\t\t\t<div class=\"elementor-widget-container\">\n\t\t\t\t\t<div class=\"elementor-spacer\">\n\t\t\t<div class=\"elementor-spacer-inner\"><\/div>\n\t\t<\/div>\n\t\t\t\t<\/div>\n\t\t\t\t<\/div>\n\t\t\t\t<div class=\"elementor-element elementor-element-6913ff4 elementor-widget elementor-widget-shortcode\" data-id=\"6913ff4\" data-element_type=\"widget\" data-widget_type=\"shortcode.default\">\n\t\t\t\t<div class=\"elementor-widget-container\">\n\t\t\t\t\t<div class=\"elementor-shortcode\"><iframe src=\"https:\/\/form.dragnsurvey.com\/survey\/r\/b008e5ce\" style=\"width:600px; height:400px;\"><\/iframe><\/div>\n\t\t\t\t<\/div>\n\t\t\t\t<\/div>\n\t\t\t\t\t<\/div>\n\t\t<\/div>\n\t\t\t\t<div class=\"elementor-column elementor-col-50 elementor-top-column elementor-element elementor-element-a76dccf\" data-id=\"a76dccf\" data-element_type=\"column\">\n\t\t\t<div class=\"elementor-widget-wrap elementor-element-populated\">\n\t\t\t\t\t\t\t\t<div class=\"elementor-element elementor-element-98bbb0c elementor-widget elementor-widget-image\" data-id=\"98bbb0c\" data-element_type=\"widget\" data-widget_type=\"image.default\">\n\t\t\t\t<div class=\"elementor-widget-container\">\n\t\t\t<style>\/*! elementor - v3.12.1 - 02-04-2023 *\/\n.elementor-widget-image{text-align:center}.elementor-widget-image a{display:inline-block}.elementor-widget-image a img[src$=\".svg\"]{width:48px}.elementor-widget-image img{vertical-align:middle;display:inline-block}<\/style>\t\t\t\t\t\t\t\t\t\t\t\t<img decoding=\"async\" width=\"540\" height=\"360\" src=\"https:\/\/ccci-bw.com\/wp-content\/uploads\/2023\/03\/newsletter-2.jpg\" class=\"attachment-1536x1536 size-1536x1536 wp-image-2958\" alt=\"\" loading=\"lazy\" srcset=\"https:\/\/ccci-bw.com\/wp-content\/uploads\/2023\/03\/newsletter-2.jpg 540w, https:\/\/ccci-bw.com\/wp-content\/uploads\/2023\/03\/newsletter-2-300x200.jpg 300w\" sizes=\"(max-width: 540px) 100vw, 540px\" \/>\t\t\t\t\t\t\t\t\t\t\t\t\t\t\t<\/div>\n\t\t\t\t<\/div>\n\t\t\t\t\t<\/div>\n\t\t<\/div>\n\t\t\t\t\t\t\t<\/div>\n\t\t<\/section>\n\t\t\t\t<section class=\"elementor-section elementor-top-section elementor-element elementor-element-1e954dc elementor-section-boxed elementor-section-height-default elementor-section-height-default\" data-id=\"1e954dc\" data-element_type=\"section\" data-settings=\"{&quot;_ha_eqh_enable&quot;:false}\">\n\t\t\t\t\t\t<div class=\"elementor-container elementor-column-gap-default\">\n\t\t\t\t\t<div class=\"elementor-column elementor-col-100 elementor-top-column elementor-element elementor-element-3213d3d\" data-id=\"3213d3d\" data-element_type=\"column\">\n\t\t\t<div class=\"elementor-widget-wrap elementor-element-populated\">\n\t\t\t\t\t\t\t\t<div class=\"elementor-element elementor-element-94d6033 elementor-widget elementor-widget-spacer\" data-id=\"94d6033\" data-element_type=\"widget\" data-widget_type=\"spacer.default\">\n\t\t\t\t<div class=\"elementor-widget-container\">\n\t\t\t\t\t<div class=\"elementor-spacer\">\n\t\t\t<div class=\"elementor-spacer-inner\"><\/div>\n\t\t<\/div>\n\t\t\t\t<\/div>\n\t\t\t\t<\/div>\n\t\t\t\t\t<\/div>\n\t\t<\/div>\n\t\t\t\t\t\t\t<\/div>\n\t\t<\/section>\n\t\t\t\t\t\t\t<\/div>\n\t\t","protected":false},"excerpt":{"rendered":"<p>En plus de soutenir les op\u00e9rateurs \u00e9conomiques priv\u00e9s, la CCCI BW accompagne \u00e9galement les territoires d\u00e9centralis\u00e9s en Afrique gr\u00e2ce \u00e0 des programmes \u00e9labor\u00e9s avec ses partenaires. L&#8217;objectif est de mettre en \u0153uvre des projets structurants qui valorisent les environnements \u00e9conomiques du continent. Dans cette optique, la CCCI BW favorise la cr\u00e9ation de hubs territoriaux en [&hellip;]<\/p>\n","protected":false},"author":1,"featured_media":0,"parent":0,"menu_order":0,"comment_status":"closed","ping_status":"closed","template":"","meta":{"_eb_attr":""},"_links":{"self":[{"href":"https:\/\/ccci-bw.com\/index.php\/wp-json\/wp\/v2\/pages\/2497"}],"collection":[{"href":"https:\/\/ccci-bw.com\/index.php\/wp-json\/wp\/v2\/pages"}],"about":[{"href":"https:\/\/ccci-bw.com\/index.php\/wp-json\/wp\/v2\/types\/page"}],"author":[{"embeddable":true,"href":"https:\/\/ccci-bw.com\/index.php\/wp-json\/wp\/v2\/users\/1"}],"replies":[{"embeddable":true,"href":"https:\/\/ccci-bw.com\/index.php\/wp-json\/wp\/v2\/comments?post=2497"}],"version-history":[{"count":82,"href":"https:\/\/ccci-bw.com\/index.php\/wp-json\/wp\/v2\/pages\/2497\/revisions"}],"predecessor-version":[{"id":4410,"href":"https:\/\/ccci-bw.com\/index.php\/wp-json\/wp\/v2\/pages\/2497\/revisions\/4410"}],"wp:attachment":[{"href":"https:\/\/ccci-bw.com\/index.php\/wp-json\/wp\/v2\/media?parent=2497"}],"curies":[{"name":"wp","href":"https:\/\/api.w.org\/{rel}","templated":true}]}}